 common divisor of h and n.
17
Let y(o) = o - 23*o**3 - 1 - 9*o**3 + o**2 - 32*o**3. Let h be y(-1). Let v(a) = 4*a**2 - 7*a + 6. Let p be v(4). What is the highest common factor of h and p?
21
Suppose 0 = -9*i + 3*i + 24. Let r(f) = -18*f**2 - 6*f - 4 - 7*f + 17*f**2. Let v be r(-9). Calculate the greatest common divisor of v and i.
4
Let h(s) = 20*s**2 + 4*s - 12. Let n be h(1). Suppose -2*z + 5*o + 71 = -25, 2*o = -2*z + 96. Calculate the greatest common factor of z and n.
12
Suppose -226 = 15*o - 2551. Calculate the highest common divisor of o and 341.
31
Let o(d) = 3*d**2 - 11*d + 34. Let i be o(9). Calculate the highest common factor of 623 and i.
89
Suppose 19 = l - 22. Let p = l + -29. What is the greatest common divisor of 60 and p?
12
Let p be (-315)/140 - 1316/(-16). Calculate the highest common divisor of 85 and p.
5
Let w be (2 - 3)/(1/4). Let b be 2 + (-474)/w*4/6. What is the highest common factor of b and 9?
9
Let u = 219 - 207. What is the greatest common factor of 102 and u?
6
Suppose -31*o + 3393 = -18*o. Calculate the greatest common factor of 58 and o.
29
Let x(c) = 2*c**2 - 8*c + 10. Let n be x(4). Let w = n - 8. Let l = 43 + w. What is the greatest common factor of 5 and l?
5
Let c be (-8)/(-60) - (-4)/(-30). Suppose 9*d - 4*d - 185 = c. What is the greatest common factor of 111 and d?
37
Let u = 364 + -222. Let y = u - -23. Calculate the greatest common divisor of 15 and y.
15
Let s(i) = 14*i**3 + 3*i**2 - 6*i + 5. Let z be s(1). Calculate the highest common factor of z and 128.
16
Let b(p) = 4*p - 26. Let q be b(7). Calculate the highest common divisor of 26 and q.
2
Suppose -d = -4*j + 36 - 3, -5*j + 2*d = -45. Let h = 14 - j. Let c = 10 - -46. Calculate the highest common factor of h and c.
7
Suppose -4*a + a = -o - 213, 0 = 4*a - 2*o - 284. What is the highest common divisor of 1 and a?
1
Suppose 5*v + 5*c = 45, -5*v + 10 = -5*c + 3*c. Let u = -1945 - -1961. Calculate the highest common divisor of u and v.
4
Let v be (-1122)/(-330) - 16/(-10). What is the greatest common factor of v and 23?
1
Suppose 20 = -5*z, 5*n - 2*z = 76 - 3. Let i = n - -21. Calculate the greatest common factor of 85 and i.
17
Suppose -3 = r - 210. Let n be ((-460)/(-50))/(3/((-45)/(-6))). What is the highest common divisor of r and n?
23
Suppose 5*y - 2697 = -j - 0*j, y - 5*j - 555 = 0. Suppose -2*s + 7*s = 2*f - 270, 2*s + y = 4*f. Calculate the greatest common divisor of 54 and f.
27
Let d be 4/22 + 4 + (-568)/(-22). Let u be (2/3)/(1/d). Calculate the highest common divisor of u and 10.
10
Let f be (6/(-9))/((-2)/6). Let q(x) = 4*x**2 + 13 - 3*x**f - 9*x - 6*x + x**2. Let h be q(10). Calculate the greatest common divisor of h and 9.
9
Suppose -17908 = -28*s + 2112. What is the greatest common factor of 39 and s?
13
Let m(d) = 2*d**3 - 4*d**2 - 4*d + 3. Let g be m(4). Let s be 4/(-10) - 684/(-10). Suppose 2*j + 0*j - s = 0. Calculate the highest common factor of j and g.
17
Let w be (37/148)/(1/(-80)*-2). Calculate the highest common divisor of 14 and w.
2
Let p be (-122)/(-10)*23/(-184)*-40. Calculate the highest common divisor of p and 2989.
61
Suppose -210 = -5*a - 3*b, 4*a - 64 - 67 = 5*b. Suppose 0 = 4*q - 0*q. Suppose q = 3*j - 0*j - a. What is the greatest common factor of 13 and j?
13
Suppose -5*z = -2*g - 22, -2*z = 5*g - 7*g - 10. Calculate the greatest common divisor of z and 106.
2
Suppose 1 = -2*m + 11. Suppose -4*g = -m*d - 0*g + 670, 5*d + 4*g - 630 = 0. What is the highest common factor of 325 and d?
65
Let r = 3 + -3. Suppose 2*c = -4*k + 5*c + 375, r = -2*c - 2. Suppose -23 + k = z. What is the highest common factor of 10 and z?
10
Let r = 51 + 53. Suppose -103*p = -r*p + 2. Suppose 3*o + k = 26, 0*o + 2*o - k = 14. Calculate the greatest common factor of o and p.
2
Suppose 2*k + k + 110 = 4*g, -4*g = -5*k - 106. Suppose -3*h + 1 = -g. What is the greatest common factor of 5 and h?
5
Suppose -4*d - 2*v = -d - 20, 0 = 4*d - 4*v. Suppose 419 = -4*i - i + o, d*i + 331 = 5*o. Let h = -7 - i. What is the highest common divisor of 7 and h?
7
Suppose 15*k - 341 + 311 = 0. Calculate the highest common divisor of 758 and k.
2
Suppose -5*s + 4*h = -33, 3*s + 4*h + 4 = 11. What is the highest common factor of 35 and s?
5
Let s(a) = 5*a + 5. Let b be s(7). Let w be (-148)/259 - 1/(14/(-120)). Calculate the highest common factor of b and w.
8
Let n be 692/6*(1485/(-6))/(-11). What is the greatest common divisor of 15 and n?
15
Suppose 10*c = 4*l + 5*c - 132, -2*l - 3*c + 88 = 0. Calculate the greatest common factor of l and 38.
38
Suppose 32*s + 648 = 35*s. Calculate the highest common factor of s and 40.
8
Suppose -5*a - 4*n + 2 + 250 = 0, -2*a = 4*n - 96. What is the highest common divisor of a and 143?
13
Let k be -13 + 5 + -2 + 110. What is the greatest common factor of k and 180?
20
Let f = 316 - 288. Suppose -3*h + 0 = -21. What is the highest common factor of f and h?
7
Suppose -9704 = 13*x - 15*x - 4*n, 0 = 2*x - 5*n - 9686. What is the greatest common factor of x and 48?
48
Let c(v) = v + 7. Let f(p) = p + 8. Let k(r) = 6*c(r) - 5*f(r). Let g be k(1). Suppose 0 = -g*n + 107 + 73. What is the highest common divisor of 12 and n?
12
Let f(r) = r**3 - 7*r**2 + 2*r - 10. Let t be f(7). Suppose 5*x - 51 = -3*s, 0 = -5*x + t*x + 3*s + 21. What is the greatest common divisor of x and 204?
12
Suppose 0 = -3*j + 204 - 48. Let v(z) = z**2 + 11*z + 1. Let s be v(-7). Let x = j + s. Calculate the greatest common factor of x and 75.
25
Let k(g) = g**2 + 4*g - 1. Let o be k(3). Suppose 310 = 7*q + 44. Let n be q/2 - (6/(-1) - -5). Calculate the highest common factor of n and o.
20
Suppose 5*r + 5*u - 5712 = 5243, -6567 = -3*r + 3*u. Calculate the highest common divisor of r and 30.
30
Let o(f) = -7*f**3 - 6*f**2 - 63*f + 18. Let s be o(-6). What is the highest common factor of 72 and s?
36
Let v be 37 + (-1 - 4/(-20)*0). Calculate the highest common divisor of v and 76.
4
Let x be (-220)/(-50) + 3/30*-4. What is the greatest common factor of x and 10?
2
Suppose 65 = 11*k - 78. Suppose -y + 2*y - 107 = -3*i, 0 = 3*y - 15. Let h = i - 21. What is the greatest common factor of k and h?
13
Suppose -n = -2*n + 152. Let h = -4 + 23. What is the greatest common factor of h and n?
19
Let m be 55/22*(16 - 2). Let o(k) = -7*k. Let i be o(2). Let y = m + i. What is the greatest common factor of y and 14?
7
Suppose 14 = -c + 5*r - 26, 5*r = 4*c + 130. Let p be (-4)/(40/(-158)) + (-6)/c. Calculate the greatest common factor of p and 1.
1
Let m = 326 - 296. What is the highest common factor of m and 18?
6
Suppose -72 = -4*b - 4*p, -2*b + 4*p - 7 = -13. Let o(x) = 2*x**3 + 3*x**2 - 2*x + 2. Let q be o(2). Calculate the greatest common factor of q and b.
13
Suppose 9*v - v = v. Let i(t) be the second derivative of -t**3/6 + t**2 - t. Let l be i(v). Calculate the highest common factor of l and 2.
2
Let n = 90 - 105. Let u be ((-2)/6 + n/(-9))*15. What is the highest common divisor of 20 and u?
20
Let m(y) = y**3 + 2*y**2 - 1. Let k be m(-1). Let w = k - -5. Let c be (-16 + w)*(1 + -2). What is the greatest common factor of 11 and c?
11
Suppose 27 - 7 = 4*p. Let f(a) = 5*a**2 + a - 7*a**2 + p*a**2 + 4*a**2. Let d be f(5). What is the greatest common divisor of d and 18?
18
Let w(z) = 2*z**2 - 12*z - 2. Let y be w(14). What is the greatest common factor of y and 24?
6
Let p(f) = -2*f**3 - 50*f**2 - 4*f - 15. Let r be p(-25). What is the greatest common factor of r and 50?
5
Let u = -198 + 33. Let j be (-3600)/u - (-4)/22. Calculate the highest common divisor of j and 11.
11
Suppose 0*n = -2*n - 3*d + 28, 4*n - 66 = -d. What is the highest common factor of n and 221?
17
Suppose -11*g + 3 = -8*g. Let b be 4879/102 + g/6. Suppose -8*j + b + 16 = 0. Calculate the highest common divisor of 88 and j.
8
Let a = 127 + -111. Suppose -4*f = 3*u - a, 2*f = -3*u + 29 - 9. Calculate the highest common divisor of u and 88.
8
Let u = -481 + 268. Let l = u - -138. Let k = 129 + l. Calculate the greatest common divisor of k and 6.
6
Let x = 40 - 25. Let k be 79/158 - 329/(-2). What is the greatest common factor of k and x?
15
Let d be ((-66)/(-4))/((162/48)/(-9)). Let c = d + 47. Calculate the highest common divisor of 27 and c.
3
Suppose 29 = -2*x + 171. Suppose 76*k - x